uppose 0 = 5*n + 3*v - 770, -3*v + 904 = 4*n + 291. Is n a composite number?
False
Suppose 2 + 34 = -3*g. Let p be 6*(-3)/g*2. Suppose 9 = -p*z + 51. Is z composite?
True
Let p(m) = -m**3 - 8*m**2 - 7. Let s(v) = v**3 + 7*v**2 - v + 6. Let q(b) = -6*p(b) - 7*s(b). Is q(-5) a composite number?
True
Suppose 5*q + 3*i = -3, -q = 3*i - i - 5. Let s be (-15)/9 - (-1)/q. Is s/(-5) - (-1149)/15 prime?
False
Is (-2)/(-4)*(83 - -3) a prime number?
True
Let y be (1 - 6/(-3)) + 1. Suppose 1 = y*v - 19. Suppose v*w = 4*x + 114, 3*w - 5*x + x - 62 = 0. Is w a composite number?
True
Let d(q) = q**2. Let t(v) = -8*v**2 + v - 3. Let a(c) = -2*d(c) - t(c). Let s(x) = x**2 + 12*x + 15. Let g be s(-11). Is a(g) prime?
False
Let s = 9 + -5. Suppose 5*h + 26 = -s. Is (-16)/h*33/4 composite?
True
Let k(n) = -n**2 - 14*n - 17. Is k(-10) a prime number?
True
Suppose 56 = 3*q - 49. Suppose 2*s + q = 333. Is s a composite number?
False
Let s be ((-1)/(-1))/((-9)/27). Let j be 3 - (0 - s - 4). Is j/(-6) + 2155/15 prime?
False
Suppose -2*y - 5*m = y - 3384, 5*y + m - 5662 = 0. Is y a prime number?
False
Is 4 - ((2 - -1) + -2562) composite?
True
Suppose 3*k = -2*h - 0*k + 124, 3*h + 2*k = 186. Let j = h - -17. Is j prime?
True
Let w(h) = 10*h**2 + 2*h - 1. Is w(-2) prime?
False
Is 3 + -2 - 1/(2/(-7568)) composite?
True
Let i be 10/(-5)*91/2. Let c = i + 134. Is c composite?
False
Let u = -1 + 5. Is (-2)/u*(-519 + 5) a composite number?
False
Suppose -2*r + 14 - 6 = 0. Suppose -2*j = -r*j + 62. Is j a prime number?
True
Suppose 3*g - 652 + 19 = 0. Is g composite?
False
Let d = -6 + 6. Suppose -5*v + 2*v + 39 = d. Is v prime?
True
Suppose -5*b + 8*g = 3*g + 20, -4*b - 25 = 5*g. Is (-584)/(-10) - 3/b a prime number?
True
Let l(d) = d + 2. Let j(c) = 2*c + 1. Let a(m) = -2*j(m) + 3*l(m). Suppose -1 = -3*x + 2*p, -6*x - 3*p - 30 = -x. Is a(x) composite?
False
Let s be (-5)/(-2) + (-1)/2. Let l be (3 - 2)*(97 - 0). Suppose -l = -s*q + q. Is q a prime number?
True
Let g(m) = -m**3 + 7*m**2 - 3. Let r be g(-7). Suppose -5*z + 272 + r = 0. Is z a prime number?
True
Suppose -15 + 59 = 2*n. Suppose -2*y + 0*y + n = 0. Let u = 10 + y. Is u a composite number?
True
Let w = 14 + -5. Let b(v) = v**3 - 8*v**2 - 9*v + 4. Is b(w) a composite number?
True
Let h(l) = 4*l**2 - 4*l - 5. Let b = -1 + 7. Is h(b) a prime number?
False
Let v = -148 + 293. Is v composite?
True
Let f = -32 + 291. Is f a composite number?
True
Suppose 0*x - 69 = -3*x. Is x a composite number?
False
Let z(k) = -11*k + 4 + 1 - 2 - k**2. Let n be z(-6). Let f = -19 + n. Is f prime?
False
Suppose u + 4*p - 18 = 0, -u + 9 = -0*p + p. Suppose -2 - u = -4*l. Suppose 0 = 3*m + 6, 0 = l*s - 0*m + 3*m - 124. Is s prime?
False
Suppose -314 - 787 = -w. Is w a prime number?
False
Let p(r) = 2*r**2 - 4*r - 31. Is p(-18) a prime number?
False
Suppose 0 = -t + 524 + 431. Is t a prime number?
False
Suppose -i = i - 3*k, 0 = -5*i - 4*k + 23. Suppose -50 = -i*l + 28. Is l composite?
True
Let c = -281 - -438. Is c a prime number?
True
Suppose -6*o = -5*o + 4. Let z = -11 + 22. Let m = o + z. Is m composite?
False
Let j(u) = u**2 + 3. Suppose n = -3 - 5. Is j(n) prime?
True
Let n(r) = r + 2 - 4*r + 3*r**2 - 11*r**2 - 1. Let f be n(-3). Is (f/4)/(3/(-12)) prime?
False
Let f be (-212)/(-1)*4/(-8). Is ((-39)/6 - -3)*f prime?
False
Let j = 3 + 7. Let g = j + -7. Suppose 0 = 4*p - 5*l - 283, -g*l - 2 = 5*p - 328. Is p a prime number?
True
Suppose -3*d + 3*w = w - 187, 2*d + 2*w = 108. Let m(p) = 50*p - d*p + 1 - 73*p. Is m(-1) a composite number?
False
Let g(b) be the first derivative of -19*b**4/4 - b**3/3 + b**2/2 - b - 2. Is g(-2) a prime number?
False
Let c = 701 + -312. Is c prime?
True
Suppose 4*p - 2 = 3*p. Let k = -501 - 193. Is p/(-3) + k/(-6) prime?
False
Suppose 6*o = 2*o + 5*r + 1, 0 = 4*r + 4. Is (-213)/((-3)/o)*-1 a composite number?
False
Suppose -6*h + 5*h = -4*g - 835, 0 = -4*h + 5*g + 3285. Is h prime?
False
Suppose 5*c + g - 228 = 0, -c + 5*c + 3*g - 178 = 0. Is c a prime number?
False
Suppose 0*r = 5*r - 2*c - 1475, 4*r + c - 1167 = 0. Is r prime?
True
Suppose 0 = 3*q + 3*l - 153, -q + 2 + 19 = -5*l. Suppose 0 = -5*p + q + 244. Is p composite?
True
Suppose s - 5*s + 16 = 0. Let j(q) = q**3 - 2*q**2 + q - 5. Is j(s) a prime number?
True
Let z(y) = -y - 8. Let k be z(-10). Suppose -74 = -k*v + a, 0 = 2*v - a - 3*a - 86. Is v a composite number?
True
Let c(n) = 7*n**2 - 9*n - 17. Is c(8) a prime number?
True
Let x be (-4)/((-16)/444)*7. Let r = -544 + x. Is r composite?
False
Let j be -2 - (2 - (7 + -1)). Suppose 2*g = -j*h + 10, -h + 20 = 5*g - g. Suppose 3*u - 5*l - 105 = h, 0 = -u + 5*l + 29 + 6. Is u prime?
False
Suppose -x + 133 = -2*i + i, 2*x + i = 260. Is x prime?
True
Let s be 7/2 + (-4)/8. Let q be (-5 + 15)/(-1 + s). Is (12/10)/(1/q) a prime number?
False
Suppose -4*b + 82 = -1478. Suppose -b + 9 = -3*d. Is d a composite number?
False
Suppose 3*j - 4*j = 0. Let c = j - -2. Suppose c*b + b - 33 = 0. Is b prime?
True
Let f(l) be the first derivative of -151*l**2/2 + l + 2. Let k be f(1). Is 3/(3/(-1)) - k a prime number?
True
Let v = 5 + -1. Suppose 0 = -v*x - x + 1685. Is x a prime number?
True
Suppose 0*q = q. Suppose -3*a = -4*a + 464. Suppose 5*p + 109 - a = -4*f, q = p + 5*f - 92. Is p a prime number?
True
Suppose 2*q = -3*k - 89, -3*q + k = -4*k + 143. Suppose -8*p = -3*p - 495. Let x = p + q. Is x prime?
True
Suppose 10*u - 2*f - 5227 = 5*u, -5*f - 1027 = -u. Is u composite?
True
Let j be ((-9)/6)/(-1)*102. Suppose -j = -3*c + 72. Suppose -4*n + 9*n - c = 0. Is n composite?
True
Suppose 4*f = -4*a - 0*f + 112, -3*f = 15. Is a prime?
False
Suppose 3*s - 4*q + 143 = -227, 3*q - 372 = 3*s. Let b = s + 185. Is b prime?
True
Let i be (3/2)/((-9)/(-12)). Suppose 3*v - 6 = i*y - 46, 5*v + y + 84 = 0. Let t = 47 + v. Is t a prime number?
True
Suppose -2*f + 3*z - 1444 + 4027 = 0, z = 1. Is f a composite number?
True
Let z be 2*((-1)/2)/(-1). Let l = z + 76. Is l a composite number?
True
Is 560 + -7 + (3 - -1) composite?
False
Suppose -4*c = -4*i - 4196, -3*i = -2*c - 0*i + 2102. Suppose 0 = 5*o + 2*b - c, 3*o - b + 0*b = 638. Is o composite?
False
Let z = 113 - -1170. Is z a prime number?
True
Suppose -3*n - 5 = -4*n. Suppose n = -2*g + 3*g. Suppose g*q - 124 - 201 = 0. Is q a prime number?
False
Let v(f) be the third derivative of 5*f**4/3 + f**3/6 - 7*f**2. Is v(4) a composite number?
True
Let d be (-4)/8 - (-181)/2. Let q = -37 + d. Is q prime?
True
Let w(p) = 130*p + 13. Let g be w(10). Suppose -4*k - 5*a + g - 282 = 0, 3*k = a + 759. Is k a prime number?
False
Suppose 4*i + 0*i = 12. Is i*(-2)/3 + 61 prime?
True
Let o = 46 - -169. Is o composite?
True
Let t(r) = -75*r - 17. Is t(-2) a prime number?
False
Let n be (-31158)/45 + 4/10. Let l = n + 1027. Is l prime?
False
Is (5 + 174/(-9))/((-1)/111) a composite number?
True
Let w = 5 - -2. Let q = 11 - w. Let v(o) = 4*o**2 - 4*o + 1. Is v(q) prime?
False
Suppose 2*h - 9189 = -2*y - y, -y + 4594 = h. Is h a composite number?
True
Let q(k) = k**3 - 1. Let z(p) = 3*p**3 + 5*p**2 + 2. Let c(m) = -2*q(m) + z(m). Let x be 2/2*15/(-3). Is c(x) a composite number?
True
Suppose -v - 2 = -2*v. Suppose 4*t - 20 = 0, 7*x - v*x - 1325 = -2*t. Is x a prime number?
True
Let r(o) be the third derivative of -o**4/24 - o**3/3 + 2*o**2. Let c be r(-4). Is 1/(c/22 - 0) composite?
False
Suppose -q = -5*q + 284. Is q prime?
True
Let d(a) = -a + 0*a + a**2 + 48*a**3 - a**3. Let v(p) = -p**3 + 5*p**2 + 7*p - 5. Let f be v(6). Is d(f) a composite number?
False
Let p(b) = 16*b - 2. Let y be p(-3). Let q = y + 101. Is q prime?
False
Suppose 5*r - r - 629 = -5*o, 4*r = -3*o + 379. Suppose 0 = p - 0*p + 2*z - o, 3*z = -p + 127. Suppose p = 5*k + 16. Is k a prime number?
False
Is 73 + -2 + -1 + 2/(-2) prime?
False
Let i = 4 - 24. Is 4/i + 3516/5 prime?
False
Let s(h) = -h**3 - 9*h**2 - 7*h + 9. Let n be s(-8). Is 2*(n - 17/(-2)) prime?
True
Suppose 0 = r - 5*r - 3*p + 791, -4*p + 20 = 0. Let o(y) = -y + 1. Let k be o(-3). Suppose -k*b - 5*t = -136 - 691, r = b - 3*t. Is b a composite number?
True
Suppose 20 = -2*s - 8. Let f be (-21)/s*104/(-6). Let o = 67 - f. Is o composite?
True
Let n be (-15)/(-4) - (-2)/8. Suppose 2*r = -8, 0*l - n*r - 27 = -l. Is l prime?
True
Let k be 0/((-2)/(-2 - 0